actor of n and h?
27
Suppose 3*b - f + 3*f = 107, 5*f + 10 = 0. Suppose -36*g - 33 = -b*g. Suppose 307 = 4*j - g. What is the greatest common factor of j and 17?
17
Let n = -2649 - -2665. Calculate the greatest common divisor of 74 and n.
2
Let m be (0 + 80/(-20))*(-1 + -37). What is the highest common divisor of m and 36?
4
Let c = 7520 + -7425. What is the greatest common factor of c and 12160?
95
Suppose 6*k + 2223 = 19*k. Let b be ((-34)/102)/(2/(-684)). Calculate the greatest common factor of b and k.
57
Suppose -340 = -3*b + o + 394, 0 = b - 5*o - 226. Suppose -15*n + 696 = b. What is the highest common factor of 330 and n?
30
Let q = 219 - 115. Let p(w) = w + 21. Let f be p(-11). Suppose f*h - 14*h + 104 = 0. What is the greatest common factor of q and h?
26
Suppose 4*z + 24 = 0, -2*z - 1 = 5*k - z. Calculate the greatest common divisor of 53 and k.
1
Let m be (-10)/20 - (5511/(-2))/3. Suppose -8*v = -14*v + m. What is the highest common divisor of 18 and v?
9
Let u(w) = 60*w + 55. Let f be u(10). Let n = f + -650. Let s be -2 - 94/(2*-1). Calculate the highest common factor of n and s.
5
Let c = -13437 + 13671. What is the greatest common divisor of 54 and c?
18
Suppose j + j = 8, -5*n + 53 = -3*j. Let f = n - -18. Let s = 355 - 14. What is the greatest common factor of f and s?
31
Let g(i) = -i**3 - 6*i**2 + 23*i + 17. Let a be g(-10). Let r = 16 - -35. Suppose r = -2*z + 5*z. What is the greatest common factor of z and a?
17
Let u be ((-2432)/(-3))/((-406)/(-609)). What is the greatest common divisor of 228 and u?
76
Let q(n) = -3*n - 11. Suppose -2*x = -5 + 11. Let t be q(x). Let s be (9 + -13)/(t/116). Calculate the greatest common factor of s and 29.
29
Let p be (10/6)/((-60)/(-3996)). What is the greatest common divisor of 8436 and p?
111
Suppose -10*y - 60561 + 2833 = -54*y. What is the greatest common factor of 288 and y?
32
Let v(g) = 24*g**2 + g. Let b be v(-1). Suppose -108 = b*w - 27*w. Calculate the greatest common divisor of w and 1.
1
Suppose 12*n - 8*n = -t - 2, -n = 1. Suppose t*k + 12 = 6*k, -3*l = -2*k - 687. Calculate the highest common divisor of 33 and l.
33
Let w be ((-585)/(-6))/5 + 9/(-6). Suppose 27*t - 24*t - w = 0. Calculate the greatest common divisor of t and 222.
6
Suppose -5*k = -4*w + 246, 4*w - 264 = -26*k + 28*k. What is the greatest common divisor of w and 9131?
23
Let c(m) = 44*m - 174. Let r be c(4). Suppose 0 = r*f + 4*q - 72, q - 71 - 109 = -5*f. What is the highest common divisor of 264 and f?
12
Let h be (3 + 8)/(15/573*(-15)/(-75)). What is the greatest common factor of 33 and h?
11
Let i(d) = -d**3 - 20*d**2 + 94*d + 16. Let a be i(-24). Let j = 3 + 1. Suppose 8*g = j*g + 64. Calculate the highest common divisor of g and a.
16
Suppose -2*i = 4, 0*i = 3*d + 5*i + 10. Let p be (4 + -4 - d)*2/4. Suppose 2*m + 0*m - 20 = p. Calculate the highest common factor of m and 1.
1
Let g = 3766 - 3616. Let c(p) = -p**3 - 8*p**2 + p + 8. Let r be c(-6). Let y = r + 130. What is the highest common divisor of y and g?
30
Let w be -18 - -21 - (-156)/2. Suppose -9 = -9*h + w. What is the greatest common factor of 40 and h?
10
Let u = -97 - -100. Suppose g = z + 4*z - 155, -4*g + 70 = u*z. Calculate the greatest common divisor of 30 and z.
30
Suppose -5*h + 8 = 4*v, -4*h = -v + 10 - 8. Let d be 5/(10/48) - (43 + -45). Calculate the highest common divisor of v and d.
2
Suppose -375 = -3*l - 3*s, 29*l - 4*s - 214 = 27*l. Calculate the greatest common factor of l and 425.
17
Suppose 69*o - 66*o = -12. Let u be (8/14)/(o/714*-3). What is the greatest common divisor of u and 187?
17
Suppose -34 = 2*m - 5*m - 2*y, -4*m - 3*y = -46. Suppose 0 = 27*l - 18*l - 630. What is the greatest common divisor of l and m?
10
Let f = 12 + -5. Let n be (-4)/((-5)/(-5)*1) - -21. Suppose -4*z = u + z + f, -5*u = -z - n. What is the greatest common divisor of u and 27?
3
Suppose 0 = -2*h + 3*l - 564, 2*h - 5*h = 3*l + 846. Let y = 374 + h. What is the highest common divisor of 1748 and y?
92
Let i = 956 + -777. What is the greatest common factor of i and 7339?
179
Suppose 8 = 14*x - 10*x. Suppose x*b - 38 = 154. Suppose -5*r = 4*o - 704, -3*r = -r - 4*o - 304. What is the highest common divisor of r and b?
48
Let w = 23 - 9. Suppose -9*k + 21 - 3 = 0. Suppose -8*b + 7*b = 2*a - 248, k*a = -2*b + 244. What is the greatest common factor of w and a?
14
Let t(o) be the first derivative of 25*o**2/2 + 5*o + 2. Let d = 7 - 3. Let i be t(d). Calculate the greatest common factor of 42 and i.
21
Let u(m) = -m**2 - m + 4. Let x be u(-2). Suppose 4*k = -4, -p - x*k - 38 = -4*p. Calculate the highest common factor of 228 and p.
12
Suppose -5725 = -35*g - 24*g - 533. What is the greatest common factor of g and 592?
8
Suppose 0*j = -j + 5*v + 39, 2*v = -10. Let k(a) = -7*a**3 - a. Let c be k(1). Let g = c + j. What is the greatest common factor of 24 and g?
6
Let b be 8 - (9 + (6 - 17)). Calculate the greatest common factor of 295 and b.
5
Suppose 3245 = 55*f - 2475. Let j be ((-2 + 1)*78)/((-3)/26). What is the greatest common divisor of j and f?
52
Suppose 5*o - 5*m - 155 = 0, -6*m = -3*o + 71 - 5. Suppose 2*i - s = -0*s + 8, 2*s - 9 = -i. Calculate the highest common divisor of o and i.
5
Let c be (0 + 22/(-1))*-2. Suppose -46*b = -c*b + 72. Let u be (-24)/b - (-68)/6. Calculate the highest common factor of 192 and u.
12
Let l(q) = 4*q**3 - 37*q**2 + 22*q + 225. Let d be l(17). What is the greatest common factor of d and 81?
81
Suppose 17*x + 8286 = 8898. What is the highest common divisor of 15282 and x?
18
Let i be 2/10 + (-8)/(-10). Suppose 20*s = -108*s - 91*s + 219. Calculate the greatest common factor of i and s.
1
Let u(i) = -2*i**2 - 7*i + 1. Let s be u(-3). Suppose -2*c = -s*c. Suppose -44*n + 40*n + 76 = c. What is the greatest common divisor of 133 and n?
19
Suppose 0*s - s + 4*g = -44, -3*g + 15 = 0. Let p = 53 + -12. Let r = p - 9. What is the highest common factor of s and r?
32
Let u = -80 + 142. Suppose -11*f + 13*f = n + 434, -5*n = 4*f - 868. What is the greatest common divisor of u and f?
31
Let i(m) = -15*m - 240. Suppose -33 = 2*r - 4*s + 23, 0 = -4*r + 3*s - 92. Let c be i(r). Calculate the highest common divisor of 15 and c.
15
Let n(c) = -c**3 - 154*c**2 - 614*c - 24. Let p be n(-4). Suppose z = -5*d + 55, 2 - 27 = 5*d. Calculate the highest common divisor of p and z.
16
Let w(c) = 19*c - 55. Let i be w(10). Let n = -9 + i. What is the greatest common factor of 168 and n?
42
Let b = 3678 - 3471. What is the greatest common factor of b and 18?
9
Let l = -3 - -5. Suppose l*h - 18 = 96. Let a = 19014 - 18995. Calculate the greatest common divisor of h and a.
19
Let b(i) = i**2 - i. Let t(f) = -79*f**2 + 4. Let r(m) = 3*b(m) - t(m). Let l be r(-2). Calculate the greatest common divisor of 30 and l.
30
Let g = 872 - 277. Calculate the highest common factor of 245 and g.
35
Let u(h) = -h**2 - 14*h - 48. Let a be u(-8). Suppose -o = 2*m - 34, -m + a*o + 23 = -o. What is the greatest common factor of m and 2?
1
Suppose -1681 + 8465 + 6014 = 79*j. Calculate the greatest common factor of 1296 and j.
162
Let p be (-13)/((-65)/110) + 1059. What is the highest common divisor of p and 23?
23
Suppose -3*h + 25*w - 23*w = 69, 4*w + 37 = -h. Let s be (7/((-35)/h))/((-9)/(-36)). Calculate the highest common divisor of 36 and s.
4
Suppose -15 = 5*r + 5*c, 4 = -2*c - 0*c. Let y be (-30 - -29) + (-76)/r. Calculate the highest common divisor of 600 and y.
75
Let h be 18/((-24)/96 + 10/8). Let j = 212 + -140. Calculate the greatest common factor of h and j.
18
Let j(z) = -105*z + 53*z + 53*z - 1. Let v(h) = 2*h + 5. Let y(u) = -3*j(u) + v(u). Let m be y(-12). What is the greatest common factor of m and 5?
5
Let c be ((-60)/14*1428/(-816))/((-6)/(-184)). Calculate the highest common factor of 640 and c.
10
Suppose -9*u + 140 = -5*u. Suppose 2*w = 3*q + 27, -u = -5*w - q + 75. Let v be (64/(-56))/((-6)/w). What is the greatest common divisor of 6 and v?
2
Let u(s) = -20*s + 492. Let a be u(24). Let n(l) = l**3 + 12*l**2 - 15*l - 24. Let d be n(-12). Calculate the highest common divisor of d and a.
12
Let v(p) = 11*p - 19. Let f be v(12). Let z = 155 - f. What is the greatest common factor of z and 294?
42
Suppose 0 = -r + 11596 - 11567. What